t of 158958141?
1
What is the thousands digit of 1328279250?
9
What is the ten millions digit of 552488831?
5
What is the ten millions digit of 1137802333?
3
What is the tens digit of 131519283?
8
What is the hundreds digit of 44756065?
0
What is the units digit of 12164206?
6
What is the tens digit of 1470023650?
5
What is the ten thousands digit of 87515179?
1
What is the ten millions digit of 1661180474?
6
What is the tens digit of 23364683?
8
What is the millions digit of 14981829?
4
What is the thousands digit of 2057553522?
3
What is the hundreds digit of 164578838?
8
What is the tens digit of 19126878?
7
What is the billions digit of 7235443497?
7
What is the tens digit of 62834905?
0
What is the thousands digit of 70740570?
0
What is the ten millions digit of 74512974?
7
What is the hundreds digit of 146977254?
2
What is the hundred thousands digit of 5099725372?
7
What is the tens digit of 185825070?
7
What is the millions digit of 3362993168?
2
What is the thousands digit of 707463680?
3
What is the millions digit of 731264437?
1
What is the ten thousands digit of 578770463?
7
What is the units digit of 795409175?
5
What is the millions digit of 298588986?
8
What is the hundreds digit of 682630027?
0
What is the units digit of 315663249?
9
What is the hundreds digit of 48987264?
2
What is the ten millions digit of 234695781?
3
What is the hundred millions digit of 1179574366?
1
What is the units digit of 280778202?
2
What is the thousands digit of 94628596?
8
What is the thousands digit of 322130311?
0
What is the ten thousands digit of 5428015594?
1
What is the ten millions digit of 1314214350?
1
What is the units digit of 6033180535?
5
What is the tens digit of 38264097?
9
What is the hundred thousands digit of 555877757?
8
What is the units digit of 671260427?
7
What is the millions digit of 43849206?
3
What is the thousands digit of 18803648?
3
What is the ten millions digit of 13002645?
1
What is the ten thousands digit of 27622628?
2
What is the tens digit of 257053689?
8
What is the units digit of 349173730?
0
What is the hundred thousands digit of 37128918?
1
What is the hundred thousands digit of 463181133?
1
What is the thousands digit of 963808586?
8
What is the millions digit of 4565425495?
5
What is the units digit of 481619988?
8
What is the ten millions digit of 20321438?
2
What is the thousands digit of 86972199?
2
What is the ten thousands digit of 5174554657?
5
What is the hundreds digit of 87554761?
7
What is the tens digit of 6329337332?
3
What is the ten thousands digit of 629367378?
6
What is the hundred thousands digit of 2285266592?
2
What is the millions digit of 875175337?
5
What is the ten thousands digit of 76496434?
9
What is the hundreds digit of 217663949?
9
What is the hundred thousands digit of 7064871?
0
What is the thousands digit of 167905326?
5
What is the hundreds digit of 537496042?
0
What is the thousands digit of 385518782?
8
What is the millions digit of 34000264?
4
What is the ten thousands digit of 493109560?
0
What is the ten millions digit of 19396193?
1
What is the tens digit of 791219627?
2
What is the hundred thousands digit of 173844168?
8
What is the hundred millions digit of 314081531?
3
What is the hundreds digit of 39813555?
5
What is the hundred thousands digit of 50627335?
6
What is the hundreds digit of 86045330?
3
What is the ten millions digit of 22054382?
2
What is the ten millions digit of 18737664?
1
What is the hundreds digit of 1567604550?
5
What is the hundred thousands digit of 69269252?
2
What is the thousands digit of 7429917370?
7
What is the ten thousands digit of 3255426654?
2
What is the thousands digit of 241893574?
3
What is the hundred millions digit of 107200699?
1
What is the thousands digit of 9814230?
4
What is the hundreds digit of 55222630?
6
What is the thousands digit of 2553252581?
2
What is the tens digit of 151928596?
9
What is the thousands digit of 20746179?
6
What is the hundreds digit of 9877458?
4
What is the ten thousands digit of 3459733018?
3
What is the ten thousands digit of 1079760243?
6
What is the hundreds digit of 63113955?
9
What is the ten thousands digit of 14010643?
1
What is the thousands digit of 83770326?
0
What is the tens digit of 130471979?
7
What is the units digit of 51460069?
9
What is the hundred thousands digit of 6420381851?
3
What is the units digit of 57201409?
9
What is the hundred thousands digit of 396260708?
2
What is the hundreds digit of 155758361?
3
What is the units digit of 89520679?
9
What is the ten thousands digit of 16030232?
3
What is the thousands digit of 27908371?
8
What is the ten millions digit of 31541084?
3
What is the hundreds digit of 1965009098?
0
What is the units digit of 109823106?
6
What is the units digit of 177171769?
9
What is the units digit of 23336910?
0
What is the hundred thousands digit of 7721679?
7
What is the millions digit of 38815640?
8
What is the ten millions digit of 679201168?
7
What is the hundreds digit of 88793657?
6
What is the thousands digit of 1610609656?
9
What is the units digit of 2530061300?
0
What is the hundreds digit of 584329851?
8
What is the hundreds digit of 6481762670?
6
What is the ten millions digit of 11801393?
1
What is the thousands digit of 742889487?
9
What is the ten thousands digit of 1084121682?
2
What is the ten thousands digit of 3408023636?
2
What is the hundred millions digit of 119427752?
1
What is the hundred thousands digit of 824096549?
0
What is the tens digit of 71119061?
6
What is the units digit of 285320442?
2
What is the thousands digit of 61026091?
6
What is the units digit of 65112672?
2
What is the units digit of 86430672?
2
What is the hundred millions digit of 911636956?
9
What is the millions digit of 47589737?
7
What is the units digit of 338163519?
9
What is the ten millions digit of 120091121?
2
What is the hundreds digit of 73330803?
8
What is the thousands digit of 650605?
0
What is the millions digit of 223753105?
3
What is the hundreds digit of 15679631?
6
What is the hundred millions digit of 1113596962?
1
What is the units digit of 51257941?
1
What is the hundred thousands digit of 1876734112?
7
What is the units digit of 750487588?
8
What is the units digit of 907026523?
3
What is the ten millions digit of 3351018406?
5
What is the hundred thousands digit of 1962587221?
5
What is the ten millions digit of 5358190189?
5
What is the thousands digit of 3781837?
1
What is the units digit of 308841258?
8
What is the hundred thousands digit of 829147562?
1
What is the ten thousands digit of 37603202?
0
What is the units digit of 361992067?
7
What is the ten millions digit of 124110630?
2
What is the hundreds digit of 7785083053?
0
What is the units digit of 42197406?
6
What is the hundred millions digit of 306730065?
3
What is the tens digit of 141715832?
3
What is the units digit of 214502181?
1
What is the thousands digit of 48591375?
1
What is the hundreds digit of 1767404159?
1
What is the millions digit of 125044781?
5
What is the thousands digit of 12761531?
1
What is the ten thousands digit of 707337005?
3
What is the thousands digit of 67864066?
4
What is the thousands digit of 149206372?
6
What is the hundreds digit of 275704275?
2
What is the thousands digit of 511903242?
3
What is the hundred thousands digit of 49647354?
6
What is the ten thousands digit of 343430635?
3
What is the hundred thousands digit of 584966885?
9
What is the hundreds digit of 70068856?
8
What is the millions digit of 960199127?
0
What is the ten thousands digit of 198287640?
8
What is the units digit of 238382014?
4
What is the units digit of 51879927?
7
What is the hundreds digit of 43550819?
8
What is the units digit of 46610565?
5
What is the hundred millions digit of 1127461211?
1
What is the millions digit of 1155581535?
5
What is the hundred thousands digit of 536458681?
4
What is the thousands digit of 93777149?
7
What is the ten thousands digit of 690572561?
7
What is the hundred thousands digit of 4727772460?
7
What is the thousands digit of 69887486?
7
What is the hundreds digit of 40760593?
5
What is the billions digit of 3296188635?
3
What is the hundred thousands digit of 1862828900?
8
What is the units digit of 59874